 = -v**2 - 12*v - 8. Suppose 5*r - 2*m + 50 = 0, 3*m = 5*m. Let c be s(r). Calculate the greatest common divisor of 32 and c.
4
Let i(d) = d + 8. Let h be i(-2). Suppose 3*j - h*t + 3*t = 108, -2*j + 72 = -4*t. Calculate the highest common divisor of 9 and j.
9
Suppose b - 3*z + 72 = 2*b, 0 = 2*b + 3*z - 147. Calculate the highest common divisor of 105 and b.
15
Let b = 63 - 24. Suppose -2*d + t + 25 = 3*d, 4*t = -5*d. Suppose d*l - 12 = 92. Calculate the greatest common factor of l and b.
13
Suppose -45 = 11*t + 109. Let q(r) = -r**3 - 13*r**2 + 12*r + 5. Let i be q(t). Calculate the highest common divisor of i and 297.
33
Let o(j) = j**2 - 2*j. Let m be o(2). Suppose -5*w + 3*w - 16 = m. Let g be 28/w*2/(-1). Calculate the greatest common factor of 7 and g.
7
Let w = -254 - -258. Let g be 10 + -1 + 0 + 1. Calculate the highest common factor of g and w.
2
Let b be (14/3)/((-8)/(-4))*3. Let d = 23 - b. What is the highest common factor of d and 4?
4
Suppose -l - 336 = -4*i + 702, 0 = -4*i - 4*l + 1048. Calculate the greatest common divisor of 52 and i.
52
Suppose 0 = 6*x - 1 - 161. Let d = 27 + x. Calculate the highest common factor of 6 and d.
6
Let c be (2 + -1)*(65 - -1). Let h be (0 - -3)/1 - -3. Calculate the highest common divisor of h and c.
6
Suppose -2*p = -5*h + 9, 0 = 3*p - 3*h - h + 10. Let k be p/((-396)/(-200) + -2). What is the highest common divisor of k and 40?
20
Let x(r) = r**2 + 9*r - 5. Let z be ((-33)/(-6))/((-3)/6). Let t be x(z). Suppose -k = g + g - 22, -g = 2*k - t. What is the highest common divisor of 36 and g?
9
Suppose 14*w - 504 = 7*w. Suppose -4*s + 2*v + w = 0, -s - 18 = -2*s + 4*v. What is the greatest common divisor of 45 and s?
9
Let o(s) = -2*s + 3. Let d be o(-21). Calculate the highest common factor of 45 and d.
45
Suppose -9*v = -5*v + 2*j - 676, 0 = -5*v + 3*j + 856. What is the highest common factor of 136 and v?
34
Suppose 2 = 10*h - 9*h. What is the highest common factor of 22 and h?
2
Suppose -54 - 180 = -13*k. Suppose 0 = 6*i - 14 - 94. Calculate the greatest common factor of i and k.
18
Let u = 6 - -5. Let a be (8/2)/1*2/4. Suppose 0 = -2*j + 3*r - a*r + 26, 6 = 2*j + 4*r. What is the greatest common divisor of u and j?
11
Suppose -4*d + 3*r + 155 = 0, -5*d + 18*r - 21*r = -187. Calculate the greatest common divisor of 608 and d.
38
Suppose 0 = -u + 1 + 80. Let w = -4 - -7. Let l be -1 + (-30)/(-9)*w. Calculate the highest common divisor of l and u.
9
Suppose 3*t + 6 = 126. Let h = 401 - 301. Calculate the greatest common divisor of h and t.
20
Let p(z) = -59*z**2 - 3*z - 1. Let x(v) = 59*v**2 + 4*v + 1. Let k(i) = -4*p(i) - 3*x(i). Let j be k(1). What is the highest common factor of j and 10?
10
Let b = 669 - 585. What is the greatest common divisor of 105 and b?
21
Let o = 33 + -146. Let s = o + 273. Calculate the greatest common divisor of 32 and s.
32
Let w = -832 + 856. What is the highest common factor of 84 and w?
12
Let m(t) be the first derivative of -219*t**4/4 - t**2 - t - 6. Let w be m(-1). What is the greatest common divisor of w and 20?
20
Suppose 5*c + 0*r - 365 = -r, -20 = 4*r. Calculate the greatest common divisor of 259 and c.
37
Let i(g) = -2*g. Let z be i(-6). Suppose 4*h - 92 = -c, 282*c + 4*h - 260 = 279*c. What is the greatest common factor of z and c?
12
Suppose -i + p + 67 = 0, 1 = -5*p + 6. What is the greatest common divisor of i and 204?
68
Let m = -610 + 1486. Suppose -11*w - m = -4341. What is the highest common divisor of w and 35?
35
Suppose 5*u - a - 10 = 3*a, 0 = 2*u - 5*a - 4. Let o(v) = 0*v - v + 4*v - u*v + 18. Let f be o(-9). What is the greatest common divisor of 3 and f?
3
Suppose 0 = 587*q - 598*q + 121. What is the greatest common divisor of 319 and q?
11
Suppose -9*r = 228 - 282. What is the greatest common divisor of 366 and r?
6
Let k(j) = -14*j - 51 + 32 - 72. Let t be k(-8). Calculate the highest common factor of 105 and t.
21
Let g = -52 - -56. Let f(n) = -n**3 + 3*n**2 + 9*n - 4. Let m be f(g). What is the highest common factor of m and 40?
8
Let u(n) = -n**2 + 11*n + 13. Let z be u(6). What is the highest common divisor of 559 and z?
43
Let u be (19 - 17)*(-58)/(-4). Let k = u + -24. Calculate the highest common divisor of 55 and k.
5
Suppose -6*u + 80 = 2*u. Let w(p) = -p**3 + 2*p**2 + 3*p. Let g be w(-2). Calculate the greatest common divisor of u and g.
10
Let y be (-3)/(-9) - (-2)/(-6). Suppose 4*k + y*k = -52. Let r = 19 - k. What is the greatest common divisor of r and 4?
4
Suppose -2*w = -102 - 126. Suppose w = 3*p - 0*p. Let h = p - -7. What is the highest common factor of 18 and h?
9
Suppose 107 = m - 145. Let h be ((-2)/(-7))/(9/m). Calculate the greatest common factor of 8 and h.
8
Let j = 8 + 13. Let c be (-6)/j + 72/7. What is the highest common factor of 10 and c?
10
Let n = -765 - -1299. Suppose l + 2 = 0, -4*i - 4*l = -l - n. What is the highest common divisor of 54 and i?
27
Let u = -2 + 15. Let b(t) = 91*t - 8. Let a(f) = 183*f - 17. Let q(z) = u*b(z) - 6*a(z). Let y be q(3). Calculate the highest common factor of 23 and y.
23
Let n(m) = 5*m**2 - 5*m + 5. Let o be n(2). Suppose -18 = 12*h - o*h. Calculate the greatest common divisor of h and 24.
6
Suppose -l - 2*g + 0*g + 4 = 0, 2*l + g + 4 = 0. Let q be (-5)/((l - -3)/(-2)). Let c be (12/q)/(2/(-5)). What is the highest common divisor of 21 and c?
3
Let w be (-1)/(40/176)*-5. What is the highest common factor of 1034 and w?
22
Let j(o) = 20*o + 256. Let x be j(-8). What is the greatest common factor of 120 and x?
24
Let c be 1941/12 - (-14)/56. What is the greatest common factor of 18 and c?
18
Suppose 0 = u + 3*b - 9, -3*u + 20 - 7 = 2*b. Suppose 5*k - 2*f - 248 = 17, f = u*k - 160. What is the greatest common factor of k and 5?
5
Let l be 4*-2*220/64*-2. Calculate the highest common divisor of 55 and l.
55
Let q = -509 - -580. Calculate the highest common divisor of 142 and q.
71
Suppose 0 = 7*t - 2*t - 130. Let q = 41 - t. Calculate the greatest common divisor of q and 75.
15
Let r(h) = -5*h + 0*h + 11 + 8*h - 2*h. Let f be r(0). Let u(o) = -3*o**3 + 4*o**2 - o + 1. Let q be u(-3). What is the highest common divisor of q and f?
11
Let n = 1371 + -1082. Calculate the highest common divisor of n and 68.
17
Let k be 1/3*(5 + 76). Suppose 4*h + 5 = 37. Let l = k - h. Calculate the highest common divisor of 19 and l.
19
Let n be ((-1)/3)/((-5)/15). Let k be n - (-16 - 12/(-3)). What is the highest common factor of 13 and k?
13
Suppose 60 = 22*n + 8*n. Suppose -3 = -0*h + h - u, 3*h - 5*u + 17 = 0. What is the highest common factor of h and n?
1
Let n(w) = 2*w**2 + 3*w - 2. Suppose -22 - 2 = -12*x. Let s be n(x). What is the greatest common divisor of s and 48?
12
Suppose 9*t + 45 = 4*t. Let u(i) = -i**3 - 9*i**2 + 7. Let w be u(t). Let k be (1 + -8)/((-18)/126). What is the greatest common factor of w and k?
7
Suppose -3*r + 81 = -3*f + 2*f, -r = -4*f - 335. Let z(k) = -40*k**2 - 3*k - 2. Let c be z(-2). Let j = f - c. What is the greatest common factor of 8 and j?
8
Suppose 4*o - 23 = b, -b - 1 = -6. Calculate the greatest common divisor of 847 and o.
7
Suppose 68*f = 70*f - 400. Calculate the highest common divisor of 8 and f.
8
Suppose -5*h - 34 = f - 2*f, -2*f + 5*h + 48 = 0. Suppose f = i - 4*l, -3*i + i = 2*l - 28. What is the greatest common factor of i and 126?
14
Let s = 547 - 484. Calculate the highest common factor of 252 and s.
63
Let g be (-3)/(-6)*12*1. Let r(o) = -7*o. Let a be r(-13). Suppose -307 + a = -4*x. Calculate the greatest common factor of x and g.
6
Suppose -2*v + 4 = -0. Suppose v*x - 50 = 7*x. Let z = x - -18. What is the greatest common factor of 32 and z?
8
Let s(t) = 49*t + 32. Let y be s(1). What is the highest common factor of 405 and y?
81
Let d = 940 + -472. What is the greatest common divisor of d and 104?
52
Let r = -207 + 235. What is the highest common factor of r and 756?
28
Let a(h) = h**3 - 37*h**2 + 287*h + 7. Let w be a(11). Let n = 187 + -133. Calculate the greatest common divisor of n and w.
18
Suppose 4*m = 153 + 239. Suppose -8*r + r = -m. What is the highest common factor of r and 2?
2
Let f(c) = -15*c + 1220. Let y be f(65). What is the greatest common factor of 385 and y?
35
Suppose 924 = 8*i - 1052. Calculate the highest comm